1108061839.
251, 1277, 3457
What are the prime factors of 2185585794?
2, 3, 7, 283, 20431
List the prime factors of 5814633079.
31, 41, 4574849
What are the prime factors of 82105220?
2, 5, 37, 181, 613
What are the prime factors of 2866785545?
5, 13, 44104393
List the prime factors of 91553919.
3, 103, 127, 2333
List the prime factors of 28406233.
28406233
What are the prime factors of 111588300?
2, 3, 5, 37, 1117
List the prime factors of 2545295666.
2, 4363, 291691
What are the prime factors of 5936683413?
3, 1978894471
What are the prime factors of 99326725?
5, 1249, 3181
What are the prime factors of 227310363?
3, 7, 709, 727
What are the prime factors of 7311428?
2, 17, 19, 5659
What are the prime factors of 3450802590?
2, 3, 5, 38342251
What are the prime factors of 1656695125?
5, 13253561
List the prime factors of 1272772159.
1272772159
List the prime factors of 5723717878.
2, 29, 757, 130363
What are the prime factors of 49767061?
19, 1039, 2521
What are the prime factors of 12178843?
71, 337, 509
List the prime factors of 568728596.
2, 19, 7483271
List the prime factors of 5231200852.
2, 167, 7831139
What are the prime factors of 169443217?
9281, 18257
List the prime factors of 2802500682.
2, 3, 199, 2347153
What are the prime factors of 679365989?
25717, 26417
List the prime factors of 1287045408.
2, 3, 11, 19, 23, 2789
What are the prime factors of 369650856?
2, 3, 17, 906007
List the prime factors of 329735102.
2, 1453, 113467
What are the prime factors of 1515230942?
2, 151, 5017321
What are the prime factors of 134921110?
2, 5, 13492111
List the prime factors of 1732192645.
5, 17, 20378737
What are the prime factors of 1303298591?
7, 17, 1063, 10303
What are the prime factors of 3289564047?
3, 7, 11, 29, 181, 2713
List the prime factors of 618016122.
2, 3, 151, 75793
What are the prime factors of 25152330?
2, 3, 5, 7, 119773
What are the prime factors of 309924341?
359, 863299
What are the prime factors of 3003301557?
3, 19, 1951463
List the prime factors of 4269992537.
337, 967, 13103
What are the prime factors of 33466591?
17, 157, 12539
List the prime factors of 2357862661.
7, 11, 29, 1055917
List the prime factors of 4404532852.
2, 1101133213
What are the prime factors of 34798697?
5749, 6053
What are the prime factors of 1013447821?
19, 53, 353, 2851
List the prime factors of 3296084859.
3, 3833, 31849
List the prime factors of 3423373581.
3, 167, 6833081
What are the prime factors of 76811032?
2, 17, 191, 2957
What are the prime factors of 183754849?
183754849
What are the prime factors of 697276379?
109, 6397031
What are the prime factors of 50709005?
5, 19, 41, 47, 277
What are the prime factors of 258726460?
2, 5, 2909, 4447
List the prime factors of 4045821599.
67, 5623, 10739
What are the prime factors of 245301762?
2, 3, 23, 941, 1889
List the prime factors of 296951486.
2, 13, 11421211
List the prime factors of 265655521.
265655521
What are the prime factors of 102543081?
3, 34181027
What are the prime factors of 1529673974?
2, 17, 73, 616307
List the prime factors of 42106988.
2, 7, 11, 136711
What are the prime factors of 54717768?
2, 3, 7, 4021
What are the prime factors of 3003010058?
2, 37, 40581217
List the prime factors of 704836972.
2, 7, 3596107
What are the prime factors of 238511079?
3, 26501231
List the prime factors of 227756412.
2, 3, 13, 17, 28627
List the prime factors of 4527017466.
2, 3, 709, 1064179
List the prime factors of 349975620.
2, 3, 5, 739, 877
What are the prime factors of 1631468235?
3, 5, 108764549
List the prime factors of 360644189.
10369, 34781
What are the prime factors of 94907738?
2, 37, 73, 17569
What are the prime factors of 4197921363?
3, 61, 71, 35899
What are the prime factors of 4791832?
2, 571, 1049
What are the prime factors of 1936265883?
3, 12821, 50341
What are the prime factors of 531794088?
2, 3, 7, 31, 101, 337
What are the prime factors of 1733189138?
2, 577, 1501897
What are the prime factors of 46543735?
5, 7, 167, 7963
List the prime factors of 559202695.
5, 661, 169199
What are the prime factors of 30547025?
5, 89, 13729
What are the prime factors of 76950891?
3, 17, 29, 41, 47
List the prime factors of 1366289337.
3, 7, 17, 317, 12073
What are the prime factors of 76131173?
23, 457, 7243
List the prime factors of 32971751.
3371, 9781
List the prime factors of 483067641.
3, 7, 23003221
What are the prime factors of 447043892?
2, 111760973
List the prime factors of 62415546.
2, 3, 397, 26203
What are the prime factors of 279151329?
3, 41, 1213, 1871
List the prime factors of 85038630.
2, 3, 5, 509, 5569
What are the prime factors of 92247863?
151, 610913
What are the prime factors of 1663356036?
2, 3, 138613003
What are the prime factors of 146580245?
5, 7, 31, 53, 2549
List the prime factors of 2853488885.
5, 13, 43899829
List the prime factors of 30454849.
30454849
List the prime factors of 98394333.
3, 3919, 8369
What are the prime factors of 345985598?
2, 7, 17, 85513
What are the prime factors of 99881535?
3, 5, 13, 31, 41
List the prime factors of 708607.
23, 30809
What are the prime factors of 3309956069?
7, 472850867
List the prime factors of 51896205.
3, 5, 1153249
List the prime factors of 41801651.
41801651
List the prime factors of 1048802497.
17333, 60509
What are the prime factors of 257779652?
2, 13, 4957301
What are the prime factors of 98561473?
98561473
What are the prime factors of 800661372?
2, 3, 7, 23, 73, 811
List the prime factors of 312910530.
2, 3, 5, 131, 79621
List the prime factors of 99900755.
5, 17, 31, 1223
List the prime factors of 260451084.
2, 3, 17, 1276721
What are the prime factors of 266299703?
31, 167, 51439
What are the prime factors of 978049396?
2, 19, 12869071
List the prime factors of 553943159.
7, 11, 7194067
List the prime factors of 647064857.
647064857
List the prime factors of 3100541935.
5, 101, 6139687
What are the prime factors of 174444880?
2, 5, 23, 113, 839
List the prime factors of 42908713.
263, 163151
List the prime factors of 605987644.
2, 17, 8911583
What are the prime factors of 641708134?
2, 149, 601, 3583
List the prime factors of 1348259417.
271, 4975127
List the prime factors of 469433150.
2, 5, 29, 43, 7529
What are the prime factors of 115864373?
67, 179, 9661
List the prime factors of 5569167483.
3, 11, 659, 85363
What are the prime factors of 16511048?
2, 2063881
What are the prime factors of 10602612?
2, 3, 311, 947
What are the prime factors of 529056047?
13, 43, 461, 2053
What are the prime factors of 7076040?
2, 3, 5, 58967
What are the prime factors of 113947858?
2, 56973929
List the prime factors of 62131297.
62131297
What are the prime factors of 891263749?
547, 1629367
List the prime factors of 49495101.
3, 16498367
What are the prime factors of 1010476461?
3, 599, 562313
What are the prime factors of 6612327?
3, 244901
What are the prime factors of 1820891368?
2, 227611421
List the prime factors of 63825127.
79, 97, 8329
List the prime factors of 11314272.
2, 3, 19, 6203
What are the prime factors of 2718030722?
2, 11, 123546851
What are the prime factors of 929247725?
5, 7, 19, 23, 29, 419
List the prime factors of 11885936.
2, 571, 1301
List the prime factors of 1460409262.
2, 13, 1831, 30677
What are the prime factors of 98706925?
5, 3948277
List the prime factors of 145385302.
2, 19, 449, 8521
List the prime factors of 373177997.
131, 2848687
List the prime factors of 3820631317.
59, 64756463
What are the prime factors of 384566036?
2, 31, 3101339
List the prime factors of 912042716.
2, 13, 2729, 6427
List the prime factors of 39092965.
5, 1453, 5381
What are the prime factors of 66380056?
2, 1931, 4297
What are the prime factors of 4368853836?
2, 3, 43, 521, 5417
What are the prime factors of 3722742389?
439, 8480051
List the prime factors of 6623612554.
2, 13, 103, 2473343
List the prime factors of 43932549.
3, 31, 472393
List the prime factors of 57715770.
2, 3, 5, 7, 274837
What are the prime factors of 3312323780?
2, 5, 165616189
What are the prime factors of 758806807?
11, 2659, 25943
What are the prime factors of 114504280?
2, 5, 11, 197, 1321
List the prime factors of 344763953.
239, 1442527
What are the prime factors of 2604992534?
2, 2399, 542933
List the prime fact